{"id":183,"date":"2016-12-15T14:15:35","date_gmt":"2016-12-15T13:15:35","guid":{"rendered":"http:\/\/www.musikkapelle-melktal.at\/?page_id=183"},"modified":"2017-02-27T19:03:13","modified_gmt":"2017-02-27T18:03:13","slug":"impressum","status":"publish","type":"page","link":"http:\/\/www.musikkapelle-melktal.at\/index.php\/impressum\/","title":{"rendered":"Impressum"},"content":{"rendered":"<hr style=\"border: 1px solid #b21919;\" \/>\n<h2 style=\"text-align: left;\"><strong>Impressum<\/strong><\/h2>\n<p>&nbsp;<\/p>\n<p style=\"text-align: left;\">Medieninhaber und Herausgeber:<br \/>\nMusikkapelle Melktal<br \/>\nBadstra\u00dfe 24 a<br \/>\n3243 St. Leonhard\/Forst<br \/>\nMobil: +43 (0)664 24 22 686<\/p>\n<h4 style=\"text-align: left;\">Zweck des Mediums:<\/h4>\n<p style=\"text-align: left;\">Die Website versteht sich als Informationsmedium f\u00fcr alle Interessierten.<\/p>\n<h4 style=\"text-align: left;\">Copyright:<\/h4>\n<p style=\"text-align: left;\">Sofern nicht anders angegeben, liegt das Copyright f\u00fcr die jeweiligen Seiten bei der Musikkapelle Melktal. Alle Inhalte dieser Website sind urheberrechtlich gesch\u00fctzt. Anregungen sind direkt an den Medieninhaber zu richten.<\/p>\n<h4 style=\"text-align: left;\">Haftungsinformationen:<\/h4>\n<p style=\"text-align: left;\">Jegliche Haftung f\u00fcr Sch\u00e4den, die direkt oder indirekt aus der Benutzung dieser Website entstehen, wird ausgeschlossen. Sofern von dieser Website auf Internetseiten verwiesen wird, die von Dritten betreiben werden, \u00fcbernehmen wir keine Verantwortung f\u00fcr deren Inhalte. F\u00fcr Vollst\u00e4ndigkeit, Fehler redaktioneller und technischer Art bzw. Richtigkeit der Eintragungen wird keine Haftung \u00fcbernommen.<br \/>\nDie Musikkapelle Melktal beh\u00e4lt sich das Recht vor, ohne vorherige Ank\u00fcndigung Ver\u00e4nderungen der bereitgestellten Informationen vorzunehmen.<\/p>\n<h4 style=\"text-align: left;\">Technische Umsetzung:<\/h4>\n<p style=\"text-align: left;\">Diese Website wurde im Rahmen eines Maturaprojekts der H\u00f6heren Lehranstalt f\u00fcr wirtschaftliche Berufe in St. P\u00f6lten, Ausbildungsschwerpunkt IT-creativ, im Schuljahr 2016\/17 erstellt.<br \/>\nProjektmitglieder: Christian Held, Tanja Emsenhuber, Natalie Heinzl<\/p>\n","protected":false},"excerpt":{"rendered":"<p>Impressum &nbsp; Medieninhaber und Herausgeber: Musikkapelle Melktal Badstra\u00dfe 24 a 3243 St. Leonhard\/Forst Mobil: +43 (0)664 24 22 686 Zweck [&hellip;]<\/p>\n","protected":false},"author":1,"featured_media":0,"parent":0,"menu_order":0,"comment_status":"closed","ping_status":"closed","template":"","meta":{"footnotes":""},"_links":{"self":[{"href":"http:\/\/www.musikkapelle-melktal.at\/index.php\/wp-json\/wp\/v2\/pages\/183"}],"collection":[{"href":"http:\/\/www.musikkapelle-melktal.at\/index.php\/wp-json\/wp\/v2\/pages"}],"about":[{"href":"http:\/\/www.musikkapelle-melktal.at\/index.php\/wp-json\/wp\/v2\/types\/page"}],"author":[{"embeddable":true,"href":"http:\/\/www.musikkapelle-melktal.at\/index.php\/wp-json\/wp\/v2\/users\/1"}],"replies":[{"embeddable":true,"href":"http:\/\/www.musikkapelle-melktal.at\/index.php\/wp-json\/wp\/v2\/comments?post=183"}],"version-history":[{"count":9,"href":"http:\/\/www.musikkapelle-melktal.at\/index.php\/wp-json\/wp\/v2\/pages\/183\/revisions"}],"predecessor-version":[{"id":565,"href":"http:\/\/www.musikkapelle-melktal.at\/index.php\/wp-json\/wp\/v2\/pages\/183\/revisions\/565"}],"wp:attachment":[{"href":"http:\/\/www.musikkapelle-melktal.at\/index.php\/wp-json\/wp\/v2\/media?parent=183"}],"curies":[{"name":"wp","href":"https:\/\/api.w.org\/{rel}","templated":true}]}}