{"id":12,"date":"2016-10-14T11:01:37","date_gmt":"2016-10-14T09:01:37","guid":{"rendered":"http:\/\/www.musikkapelle-melktal.at\/?page_id=12"},"modified":"2017-02-13T22:10:10","modified_gmt":"2017-02-13T21:10:10","slug":"geschichte-2","status":"publish","type":"page","link":"http:\/\/www.musikkapelle-melktal.at\/index.php\/geschichte-2\/","title":{"rendered":"Geschichte"},"content":{"rendered":"<hr style=\"border: 1px solid #b21919;\" \/>\n<h2 style=\"text-align: left;\"><strong>Entwicklung der Musikkapelle Melktal<\/strong><\/h2>\n<p>&nbsp;<\/p>\n<h4 style=\"text-align: left;\"><span style=\"color: #000000;\"><strong>Vor dem 1. Weltkrieg<\/strong><\/span><\/h4>\n<p style=\"text-align: left;\">Bereits vor dem Jahre 1890 sorgte in St. Leonhard\/F. eine Blasmusikkapelle bei diversen Veranstaltungen f\u00fcr Unterhaltung. Das Gr\u00fcndungsjahr ist leider unbekannt. Die Kapelle war zwar ein kleiner Klangk\u00f6rper, aber sie bereicherte das kulturelle Leben des Ortes wesentlich.<\/p>\n<p style=\"text-align: left;\">In der Zeit vor dem 1. Weltkrieg leitete die Kapelle der Organist Matthias Kusalitsch &#8211; \u201eKatholische Burschenkapelle\u201c.<\/p>\n<h4 style=\"text-align: left;\"><\/h4>\n<h4 style=\"text-align: left;\"><\/h4>\n<h4 style=\"text-align: left;\"><strong>Zwischenkriegszeit<\/strong><\/h4>\n<p style=\"text-align: left;\">Nach dem 1. Weltkrieg gr\u00fcndete Herr Ignaz Scherzer eine Musikkapelle, die nach seinem Tode 1933 von Herrn Hageneder geleitet wurde. Sie l\u00f6ste sich jedoch mit dem Beginn des 2. Weltkrieges wieder auf.<\/p>\n<p style=\"text-align: left;\">Nach Kriegsende ca. 1924 bildeten einige \u00e4ltere Musiker unter Kapellmeister Vinzenz Fohringer wieder eine Blasmusikkapelle, die in Ruprechtshofen spielte.<\/p>\n<h4 style=\"text-align: left;\"><\/h4>\n<h4 style=\"text-align: left;\"><\/h4>\n<h4 style=\"text-align: left;\"><strong>Nach dem 2. Weltkrieg<\/strong><\/h4>\n<p style=\"text-align: left;\">Nach Ende des 2. Weltkrieges war Herr Anton K\u00f6nig Kapellmeister. Die Kapelle spielte damals bereits in allen 3 Gemeinden \u2013 St. Leonhard\/F., Zelking und Ruprechtshofen. Die Musiker trugen noch keine Tracht oder Uniform, sondern ihre Privatkleidung. Das einzige einheitliche Kleidungsst\u00fcck waren blaue Kappen.<\/p>\n<h4 style=\"text-align: left;\"><\/h4>\n<h4 style=\"text-align: left;\"><\/h4>\n<h4 style=\"text-align: left;\"><strong>1953-1960 &#8222;Musikkapelle Zelking&#8220;<\/strong><\/h4>\n<p style=\"text-align: left;\">1953 wurde die &#8222;Musikkapelle Zelking&#8220; gegr\u00fcndet. 1955 \u00fcbernahm Anton Wally die Leitung der Kapelle. Im Juni desselben Jahres wurde das offizielle Gr\u00fcndungsfest in Zelking gefeiert. Bis 1960 wurde in Zelking bei den Familien Stattler und Schaider geprobt.<\/p>\n<p style=\"text-align: left;\"><img loading=\"lazy\" decoding=\"async\" class=\"alignnone size-medium wp-image-130\" src=\"http:\/\/www.musikkapelle-melktal.at\/wp-content\/uploads\/2016\/11\/gr\u00fcndung7-300x198.jpg\" alt=\"gruendung\" width=\"300\" height=\"198\" srcset=\"http:\/\/www.musikkapelle-melktal.at\/wp-content\/uploads\/2016\/11\/gr\u00fcndung7-300x198.jpg 300w, http:\/\/www.musikkapelle-melktal.at\/wp-content\/uploads\/2016\/11\/gr\u00fcndung7-768x508.jpg 768w, http:\/\/www.musikkapelle-melktal.at\/wp-content\/uploads\/2016\/11\/gr\u00fcndung7-1024x677.jpg 1024w, http:\/\/www.musikkapelle-melktal.at\/wp-content\/uploads\/2016\/11\/gr\u00fcndung7-240x159.jpg 240w, http:\/\/www.musikkapelle-melktal.at\/wp-content\/uploads\/2016\/11\/gr\u00fcndung7.jpg 1524w\" sizes=\"(max-width: 300px) 100vw, 300px\" \/><\/p>\n<h4 style=\"text-align: left;\"><strong>1960-1970 St. Leonhard am Forst &#8211; Ruprechtshofen<\/strong><\/h4>\n<p style=\"text-align: left;\">Um den Fortbestand der Blasmusik zu sichern, wurde 1962 eine &#8222;Jugendkapelle St. Leonhard\/F. &#8211; Ruprechtshofen&#8220; gegr\u00fcndet, welche mit gebrauchten Instrumenten ausger\u00fcstet wurde.<\/p>\n<p style=\"text-align: left;\">2 Jahre sp\u00e4ter, 1964 wurde die Musikkapelle umbenannt in &#8222;Blasmusikkapelle St. Leonhard\/F.&#8220;. Am 12. J\u00e4nner desselben Jahres fand die Gr\u00fcndungsversammlung des Musikvereines statt. Seit dem ist die Musikkapelle beim Nieder\u00f6sterreichischen Blasmusikverband gemeldet.<\/p>\n<p style=\"text-align: left;\">1966 bekam die Kapelle zum ersten Mal eine eigene Tracht und diese wurde seit diesem Zeitpunkt nach Notwendigkeit wieder erneuert.<\/p>\n<p style=\"text-align: left;\"><img loading=\"lazy\" decoding=\"async\" class=\"size-medium wp-image-133 alignnone\" src=\"http:\/\/www.musikkapelle-melktal.at\/wp-content\/uploads\/2016\/11\/jugendkap1969-300x200.jpg\" alt=\"jugendkap1969\" width=\"300\" height=\"200\" srcset=\"http:\/\/www.musikkapelle-melktal.at\/wp-content\/uploads\/2016\/11\/jugendkap1969-300x200.jpg 300w, http:\/\/www.musikkapelle-melktal.at\/wp-content\/uploads\/2016\/11\/jugendkap1969-768x511.jpg 768w, http:\/\/www.musikkapelle-melktal.at\/wp-content\/uploads\/2016\/11\/jugendkap1969-1024x682.jpg 1024w, http:\/\/www.musikkapelle-melktal.at\/wp-content\/uploads\/2016\/11\/jugendkap1969-240x160.jpg 240w\" sizes=\"(max-width: 300px) 100vw, 300px\" \/><\/p>\n<h4 style=\"text-align: left;\"><\/h4>\n<h4 style=\"text-align: left;\">\u00a0<strong>1970-1980<\/strong><\/h4>\n<p style=\"text-align: left;\">Unter der Leitung von Herrn Anton Wally und Herrn Ignaz Hollaus wurde 1976 wieder eine Jugendkapelle gegr\u00fcndet. Wie damals \u00fcblich wurden die Jungmusiker von den beiden Kapellmeistern selbst ausgebildet.<\/p>\n<p style=\"text-align: left;\"><img loading=\"lazy\" decoding=\"async\" class=\"alignnone size-medium wp-image-134\" src=\"http:\/\/www.musikkapelle-melktal.at\/wp-content\/uploads\/2016\/11\/jugendkap1978-300x202.jpg\" alt=\"jugendkap1978\" width=\"300\" height=\"202\" srcset=\"http:\/\/www.musikkapelle-melktal.at\/wp-content\/uploads\/2016\/11\/jugendkap1978-300x202.jpg 300w, http:\/\/www.musikkapelle-melktal.at\/wp-content\/uploads\/2016\/11\/jugendkap1978-768x518.jpg 768w, http:\/\/www.musikkapelle-melktal.at\/wp-content\/uploads\/2016\/11\/jugendkap1978-1024x691.jpg 1024w, http:\/\/www.musikkapelle-melktal.at\/wp-content\/uploads\/2016\/11\/jugendkap1978-240x162.jpg 240w, http:\/\/www.musikkapelle-melktal.at\/wp-content\/uploads\/2016\/11\/jugendkap1978.jpg 2043w\" sizes=\"(max-width: 300px) 100vw, 300px\" \/><\/p>\n<h4 style=\"text-align: left;\"><strong>1980-1990<\/strong><\/h4>\n<p style=\"text-align: left;\">1983 wurde der Name des Vereines auf \u201eMusikkapelle St. Leonhard\/F.-Zelking\u201c ge\u00e4ndert.<\/p>\n<p style=\"text-align: left;\"><img loading=\"lazy\" decoding=\"async\" class=\"alignnone size-medium wp-image-136\" src=\"http:\/\/www.musikkapelle-melktal.at\/wp-content\/uploads\/2016\/11\/fronleichnam-leonh-1983-300x198.jpg\" alt=\"fronleichnam-leonh-1983\" width=\"300\" height=\"198\" srcset=\"http:\/\/www.musikkapelle-melktal.at\/wp-content\/uploads\/2016\/11\/fronleichnam-leonh-1983-300x198.jpg 300w, http:\/\/www.musikkapelle-melktal.at\/wp-content\/uploads\/2016\/11\/fronleichnam-leonh-1983-768x508.jpg 768w, http:\/\/www.musikkapelle-melktal.at\/wp-content\/uploads\/2016\/11\/fronleichnam-leonh-1983-1024x677.jpg 1024w, http:\/\/www.musikkapelle-melktal.at\/wp-content\/uploads\/2016\/11\/fronleichnam-leonh-1983-240x159.jpg 240w, http:\/\/www.musikkapelle-melktal.at\/wp-content\/uploads\/2016\/11\/fronleichnam-leonh-1983.jpg 1736w\" sizes=\"(max-width: 300px) 100vw, 300px\" \/><\/p>\n<h4 style=\"text-align: left;\"><\/h4>\n<h4 style=\"text-align: left;\"><\/h4>\n<h4 style=\"text-align: left;\"><strong>1990 &#8211; 2000<\/strong><\/h4>\n<p style=\"text-align: left;\">1991 stellte die Gemeinde Ruprechtshofen erstmals den Antrag an den Musikverein, auch in ihrem Gemeindegebiet t\u00e4tig zu werden. Es gab dar\u00fcber viele Besprechungen mit den Gemeinden und Musikern. Vorerst konnte man sich aber wegen den \u00f6ffentlichen Feiern (Floriani, Fronleichnam), die dann in den 4 Orten Zelking, Matzleinsdorf, St. Leonhard\/F. und Ruprechtshofen gespielt werden sollen, nicht einigen.<\/p>\n<p style=\"text-align: left;\">Im Dezember 1993 \u00fcbergab Kapellmeister Anton Wally bei der Feier seines 60. Geburtstages den Dirigentenstab an Herrn Josef Schnetzinger. Anton Wally wurde zum Ehrenkapellmeister ernannt.<\/p>\n<p style=\"text-align: left;\">Am 15. J\u00e4nner 1994 erlag Anton Wally seiner schweren Krankheit. Mit gro\u00dfem Erfolg und viel Einf\u00fchlungsverm\u00f6gen leitete er die Kapelle 40 Jahre lang.<\/p>\n<p style=\"text-align: left;\"><img loading=\"lazy\" decoding=\"async\" class=\"alignnone size-medium wp-image-137\" src=\"http:\/\/www.musikkapelle-melktal.at\/wp-content\/uploads\/2016\/11\/anton-wally-295x300.jpg\" alt=\"anton-wally\" width=\"295\" height=\"300\" srcset=\"http:\/\/www.musikkapelle-melktal.at\/wp-content\/uploads\/2016\/11\/anton-wally-295x300.jpg 295w, http:\/\/www.musikkapelle-melktal.at\/wp-content\/uploads\/2016\/11\/anton-wally-768x780.jpg 768w, http:\/\/www.musikkapelle-melktal.at\/wp-content\/uploads\/2016\/11\/anton-wally-236x240.jpg 236w, http:\/\/www.musikkapelle-melktal.at\/wp-content\/uploads\/2016\/11\/anton-wally.jpg 868w\" sizes=\"(max-width: 295px) 100vw, 295px\" \/><\/p>\n<p style=\"text-align: left;\">Einen besonderen Platz in der Kapelle hat auch Herr Anton Janisch. Er war Vorstandsmitglied seit 1964, und bis 1988 gesch\u00e4ftsf\u00fchrender Obmann, der sich immer f\u00fcr die Belange der Musik einsetzte. Seit 1993 Ehrenobmann verstarb Herr Janisch am 2. Februar 1998 im 91. Lebensjahr.<\/p>\n<p style=\"text-align: left;\"><img loading=\"lazy\" decoding=\"async\" class=\"alignnone size-medium wp-image-138\" src=\"http:\/\/www.musikkapelle-melktal.at\/wp-content\/uploads\/2016\/11\/Kopieren-von-weihnachtskonzert-1987-156x300.jpg\" alt=\"janisch\" width=\"156\" height=\"300\" srcset=\"http:\/\/www.musikkapelle-melktal.at\/wp-content\/uploads\/2016\/11\/Kopieren-von-weihnachtskonzert-1987-156x300.jpg 156w, http:\/\/www.musikkapelle-melktal.at\/wp-content\/uploads\/2016\/11\/Kopieren-von-weihnachtskonzert-1987-125x240.jpg 125w, http:\/\/www.musikkapelle-melktal.at\/wp-content\/uploads\/2016\/11\/Kopieren-von-weihnachtskonzert-1987.jpg 298w\" sizes=\"(max-width: 156px) 100vw, 156px\" \/><\/p>\n<p style=\"text-align: left;\">1994 wurden die Statuten ge\u00e4ndert: Ab diesem Zeitpunkt wurde der Wirkungsbereich der Musikkapelle auf die Gemeinde Ruprechtshofen ausgedehnt. Der neue Name des Vereines lautet nun: &#8222;Musikkapelle St. Leonhard\/F. &#8211; Zelking &#8211; Ruprechtshofen&#8220;<\/p>\n<p style=\"text-align: left;\">Die Musikkapelle spielt jetzt in den 3 Orten St. Leonhard\/F., Zelking und Ruprechtshofen. Zus\u00e4tzlich wurde der Vorstand neu zusammengesetzt mit je 2 Beir\u00e4ten aus den 3 Gemeinden.<br \/>\nSeit Mai 1994 treten die Musikanten wieder mit neuer Uniform auf: schwarze lange Hosen, gr\u00fcnes Gilet, rote Jacke und schwarzer Hut mit rotem Kordel.<\/p>\n<h4 style=\"text-align: left;\"><\/h4>\n<h4 style=\"text-align: left;\"><\/h4>\n<h4 style=\"text-align: left;\"><strong>Ab 2000<\/strong><\/h4>\n<p style=\"text-align: left;\">Im Juli 2000 zog die Musikkapelle endlich in ihr neues und eigenes Probelokal gemeinsam mit dem FC Leonhofen beim Sportplatz ein. Nach vielen freiwilligen Arbeitsstunden der Mitglieder konnte die Musikkapelle nun ihr eigenes Vereinshaus genie\u00dfen.<\/p>\n<p style=\"text-align: left;\">Am 1. Mai 2003 \u00fcbergab Herr Josef Schnetzinger die Leitung der Kapelle an Frau Emma Hell.<\/p>\n<p style=\"text-align: left;\"><img loading=\"lazy\" decoding=\"async\" class=\"alignnone wp-image-457\" src=\"http:\/\/www.musikkapelle-melktal.at\/wp-content\/uploads\/2017\/02\/hell_emma-210x300.jpg\" alt=\"hell_emma\" width=\"155\" height=\"222\" srcset=\"http:\/\/www.musikkapelle-melktal.at\/wp-content\/uploads\/2017\/02\/hell_emma-210x300.jpg 210w, http:\/\/www.musikkapelle-melktal.at\/wp-content\/uploads\/2017\/02\/hell_emma-168x240.jpg 168w, http:\/\/www.musikkapelle-melktal.at\/wp-content\/uploads\/2017\/02\/hell_emma.jpg 700w\" sizes=\"(max-width: 155px) 100vw, 155px\" \/><\/p>\n<p style=\"text-align: left;\">Bei der Jahreshauptversammlung 2004 wurde beschlossen, dass der Vereinsname ge\u00e4ndert wird auf \u201eMusikkapelle Melktal\u201c.<\/p>\n<p style=\"text-align: left;\">Seit 2007 unterh\u00e4lt der Musikverein wieder eine Jugendkapelle zur Erg\u00e4nzung der Register. Diese probt regelm\u00e4\u00dfig im Vereinshaus und umrahmt verschiedene Veranstaltungen der Gemeinden.<\/p>\n<p style=\"text-align: left;\">2013 feierte die Musikkapelle ihr 60-j\u00e4hriges Bestandsjubil\u00e4um.<\/p>\n","protected":false},"excerpt":{"rendered":"<p>Entwicklung der Musikkapelle Melktal &nbsp; Vor dem 1. Weltkrieg Bereits vor dem Jahre 1890 sorgte in St. Leonhard\/F. eine Blasmusikkapelle [&hellip;]<\/p>\n","protected":false},"author":1,"featured_media":0,"parent":0,"menu_order":0,"comment_status":"closed","ping_status":"closed","template":"","meta":{"footnotes":""},"_links":{"self":[{"href":"http:\/\/www.musikkapelle-melktal.at\/index.php\/wp-json\/wp\/v2\/pages\/12"}],"collection":[{"href":"http:\/\/www.musikkapelle-melktal.at\/index.php\/wp-json\/wp\/v2\/pages"}],"about":[{"href":"http:\/\/www.musikkapelle-melktal.at\/index.php\/wp-json\/wp\/v2\/types\/page"}],"author":[{"embeddable":true,"href":"http:\/\/www.musikkapelle-melktal.at\/index.php\/wp-json\/wp\/v2\/users\/1"}],"replies":[{"embeddable":true,"href":"http:\/\/www.musikkapelle-melktal.at\/index.php\/wp-json\/wp\/v2\/comments?post=12"}],"version-history":[{"count":26,"href":"http:\/\/www.musikkapelle-melktal.at\/index.php\/wp-json\/wp\/v2\/pages\/12\/revisions"}],"predecessor-version":[{"id":526,"href":"http:\/\/www.musikkapelle-melktal.at\/index.php\/wp-json\/wp\/v2\/pages\/12\/revisions\/526"}],"wp:attachment":[{"href":"http:\/\/www.musikkapelle-melktal.at\/index.php\/wp-json\/wp\/v2\/media?parent=12"}],"curies":[{"name":"wp","href":"https:\/\/api.w.org\/{rel}","templated":true}]}}